09. Give n(142).
1
Let t(f) = -88*f + 5049. Give t(57).
33
Let j(i) = 12*i**3 - 6*i**2 + 26*i - 71. Calculate j(3).
277
Let f(x) = -32*x - 315. Give f(-10).
5
Let g(s) = s**3 + 38*s**2 + 70*s - 6. Give g(-2).
-2
Let v(f) = 2*f**2 - 91*f + 225. Determine v(43).
10
Let j(b) = 2*b**2 + 100*b + 67. Give j(-45).
-383
Let t(j) = 24*j - 858. What is t(35)?
-18
Let q(j) = -j**2 + 15*j - 78. Give q(6).
-24
Let b(x) = -4*x**3 - 91*x**2 - 204*x - 5205. Calculate b(-23).
16
Let h(s) = 2*s**2 - 207*s - 7009. What is h(-27)?
38
Let y(c) = 1159*c + 4457. Determine y(-4).
-179
Let p(f) = 32*f + 89. What is p(-4)?
-39
Let y(f) = 218*f**3 + 34*f**2 + 37*f + 3. Determine y(-1).
-218
Let a(f) = -3*f**3 + 41*f**2 - 127*f - 2. What is a(8)?
70
Let a(t) = -t**3 + 21*t**2 - 48*t - 9. Give a(3).
9
Let x(s) = -s**3 - 14*s**2 - 43*s - 4. Give x(-4).
8
Let o(r) = 2*r**2 - 265*r + 789. Determine o(3).
12
Let s(z) = 224*z - 3369. Calculate s(15).
-9
Let g(z) = 13*z + 18. Determine g(-3).
-21
Let o(p) = -p**3 - 43*p**2 - 123*p - 66. Give o(-40).
54
Let z(y) = 159*y - 1256. What is z(8)?
16
Let q(z) = z**3 + 16*z**2 - 3*z + 109. Give q(0).
109
Let m(p) = 284*p - 291. Determine m(1).
-7
Let u(k) = 2*k**2 + 53*k + 312. Calculate u(-8).
16
Let q(g) = -3*g**2 + 304*g - 135. Give q(101).
-34
Let d(s) = 2*s**3 - 119*s**2 + 496*s - 57. What is d(55)?
-2
Let s(d) = 390*d + 7. Determine s(0).
7
Let u(n) = -122*n + 884. What is u(7)?
30
Let i(g) = 4*g**2 + 130*g + 53. Calculate i(-30).
-247
Let u(z) = -z**3 - 25*z**2 + 4*z + 111. Calculate u(-25).
11
Let d(q) = 8*q**2 + 96*q + 52. Determine d(-12).
52
Let q(o) = -9*o - 499. Calculate q(-37).
-166
Let v(b) = -b**2 + 32*b + 162. Give v(0).
162
Let t(d) = 48*d**2 - 13*d - 25. Determine t(-2).
193
Let u(o) = o**2 + 74*o - 668. Calculate u(8).
-12
Let b(x) = x**2 + 4*x - 113. Give b(0).
-113
Let u(r) = -r**2 - r + 200. Give u(-11).
90
Let y(l) = -3*l**2 - 246*l - 5045. Determine y(-41).
-2
Let y(u) = 65*u + 182. What is y(-5)?
-143
Let x(a) = 4*a**3 - 118*a**2 - 60*a + 122. What is x(30)?
122
Let i(j) = 21*j + 298. What is i(-16)?
-38
Let j(n) = 4*n**2 - 206*n + 98. What is j(51)?
-4
Let w(v) = -1259*v + 56652. Give w(45).
-3
Let k(j) = -9*j**3 - 5*j**2 + 3*j + 1. Calculate k(1).
-10
Let c(a) = -a**3 - 39*a**2 - 189*a + 248. Determine c(-7).
3
Let r(n) = 24*n**3 + n**2 + 4*n + 3. Determine r(-1).
-24
Let u(r) = -34*r + 256. Give u(-11).
630
Let x(z) = -2*z**3 + 47*z**2 - 54*z - 225. Determine x(22).
39
Let l(z) = 139*z + 9317. Determine l(-67).
4
Let v(l) = l**2 - 921*l + 22. Determine v(0).
22
Let t(g) = g**2 + 64*g - 686. Calculate t(9).
-29
Let b(n) = 2*n**3 - 10*n**2 + 8*n - 36. Calculate b(5).
4
Let v(g) = -117*g + 5496. What is v(47)?
-3
Let o(a) = -80*a + 630. Calculate o(8).
-10
Let r(h) = -15*h**2 - 391*h - 30. Determine r(-26).
-4
Let d(y) = -y**3 + 12*y**2 + 9*y - 213. What is d(9)?
111
Let x(i) = -13*i**2 + 4*i - 8. Determine x(2).
-52
Let w(l) = -101*l + 111. Give w(1).
10
Let f(a) = -a**3 - 12*a**2 - 25*a - 39. What is f(-10)?
11
Let c(r) = 88*r - 1599. Determine c(18).
-15
Let f(o) = 2*o**3 - 13*o**2 + 2*o + 11. Calculate f(5).
-54
Let u(q) = 36*q**2 + 192*q - 81. Give u(-8).
687
Let y(v) = 3*v**2 + 14*v + 7. Determine y(-9).
124
Let t(k) = 23*k + 7. Calculate t(-21).
-476
Let z(p) = 5238*p - 41893. What is z(8)?
11
Let k(g) = 53*g - 50. Give k(8).
374
Let t(z) = -52*z + 497. Calculate t(9).
29
Let n(w) = 7*w**2 + 5086*w + 10170. What is n(-2)?
26
Let b(y) = 297*y + 2378. What is b(-8)?
2
Let s(k) = -2*k**3 - 18*k**2 - 17*k + 17. What is s(-7)?
-60
Let x(a) = 2*a**3 - 91*a**2 - 39*a - 275. Give x(46).
47
Let a(f) = -f**3 - 26*f**2 + 3*f - 13. Give a(-26).
-91
Let t(f) = -3*f**2 + 17*f + 6. What is t(11)?
-170
Let d(z) = 2*z**3 + 141*z**2 + 203*z + 50. What is d(-69)?
326
Let g(c) = c**2 - 9*c - 839. Calculate g(33).
-47
Let p(g) = -35*g - 60. Give p(-3).
45
Let x(u) = u**2 - 45*u + 375. What is x(11)?
1
Let a(h) = h**3 - 9*h**2 - 10*h + 24. Calculate a(7).
-144
Let x(w) = -8*w**3 + 391*w**2 + 59*w - 498. Calculate x(49).
-8
Let g(y) = -695*y**2 + 30*y - 2. Determine g(-1).
-727
Let d(i) = 4*i**3 + 254*i**2 + 135*i + 586. Give d(-63).
19
Let a(h) = -2135*h + 19231. Give a(9).
16
Let z(s) = 90*s - 1168. Give z(11).
-178
Let v(j) = 13*j**2 + 3503*j - 1878. Determine v(-270).
12
Let g(c) = -2*c**3 + 51*c**2 + 360*c - 9623. Calculate g(25).
2
Let b(c) = 76*c - 218. Give b(4).
86
Let z(x) = -x**2 - 11*x + 175. Give z(9).
-5
Let f(i) = 75*i + 3831. Determine f(-53).
-144
Let k(o) = o**2 + 18*o - 1766. Determine k(-52).
2
Let t(k) = -113*k + 1812. Calculate t(16).
4
Let m(d) = 2*d**2 - 28*d + 105. Calculate m(7).
7
Let o(x) = 50*x - 3003. Give o(60).
-3
Let k(d) = 178*d - 3750. What is k(21)?
-12
Let t(n) = n**3 - n**2 - 31*n + 71. What is t(6)?
65
Let w(g) = -3*g**3 + 117*g**2 - g - 68. What is w(39)?
-107
Let m(n) = 4*n**2 - 14*n - 151. Determine m(-7).
143
Let g(i) = -2*i**3 - 17*i**2 - 89*i + 7. What is g(-4)?
219
Let a(w) = -w**3 - 6*w**2 - 4*w + 3. Give a(-6).
27
Let c(q) = 24*q - 207. Calculate c(4).
-111
Let p(g) = -89*g + 104. Give p(3).
-163
Let n(g) = 1235*g + 23446. Determine n(-19).
-19
Let a(w) = -5*w**3 + 39*w**2 - 40*w + 420. Determine a(8).
36
Let a(v) = -24897*v - 24894. Determine a(-1).
3
Let p(y) = 2538*y - 50770. What is p(20)?
-10
Let b(n) = n**2 - 25*n + 113. Determine b(17).
-23
Let v(k) = 5*k**3 - 88*k**2 - 46*k + 36. Determine v(18).
-144
Let x(d) = 6*d - 758. Determine x(21).
-632
Let s(h) = h**2 + 60*h - 1876. Determine s(27).
473
Let l(q) = -2*q**2 - 122*q + 128. Determine l(-62).
4
Let k(x) = 13*x + 248. Determine k(-10).
118
Let m(f) = -45*f + 314. Calculate m(6).
44
Let k(d) = 2*d**2 - 60*d + 333. What is k(8)?
-19
Let b(r) = -13*r - 780. What is b(-63)?
39
Let t(s) = -2*s**3 + 214*s**2 + 1845*s + 46. Give t(-8).
6
Let t(g) = 366*g - 15856. Give t(43).
-118
Let h(o) = 5*o**3 - 335*o**2 - 9*o + 634. Calculate h(67).
31
Let t(i) = i**2 - 11*i - 14. What is t(-10)?
196
Let o(j) = j**3 - 78*j**2 - 600*j + 253. Give o(85).
-172
Let j(p) = -p**3 + 78*p**2 + 116*p + 3539. Calculate j(80).
19
Let f(p) = -p**3 + 21*p**2 - 91*p + 1776. What is f(21)?
-135
Let b(i) = 497*i + 40793. Determine b(-82).
39
Let b(c) = -16*c - 199. Calculate b(4).
-263
Let t(p) = 2*p**2 + 3*p - 235. Give t(10).
-5
Let f(u) = -u**2 - 28*u - 194. Determine f(-10).
-14
Let s(l) = -34*l**3 + 5*l**2 + 2*l + 2. Determine s(-2).
290
Let i(v) = -2*v**3 + 31*v**2 - 134*v + 566. What is i(12)?
-34
Let i(d) = 6*d**3 + 720*d**2 + 11*d + 1328. Determine i(-120).
8
Let z(q) = -q**3 - 8*q**2 - 5*q - 67. Give z(-11).
351
Let j(c) = -4*c**2 - 6374*c - 6371. Calculate j(-1).
-1
Let h(b) = -172*b + 1517. What is h(9)?
-31
Let h(r) = -13*r**3 + 54*r**2 + 55*r + 3. Give h(-1).
15
Let r(b) = -188*b + 6342. Calculate r(34).
-50
Let g(f) = 2*f**2 - 20*f - 30. Calculate g(11).
-8
Let o(b) = b + 131. What is o(-6)?
125
Let s(m) = m**2 - 105*m - 18993. Calculate s(200).
7
Let o(q) = 84*q - 60. Determine o(3).
192
Let j(l) = -l**3 - 53*l**2 + 149*l + 321. Calculate j(4).
5
Let s(z) = -1761*z + 19426. What is s(11)?
55
Let f(q) = -q**3 + 8*q**2 + 5*q - 30. What is f(10)?
-180
Let l(t) = 28*t + 1453. Calculate l(-51).
25
Let q(o) = 188*o - 592. Calculate q(3).
-28
Let f(t) = 33*t - 130. Give f(4).
2
Let h(g) = 74*g + 558. Calculate h(-14).
-478
Let l(u) = -32*u**2 + 178*u - 11. Give l(5).
79
Let z(i) = i**3 - 63*i**2 + 341*i + 58. Determine z(57).
1
Let s(f) = -f**3 - 45*f**2 - 53*f - 404. Give s(-44).
-8
Let j(r) = 26*r**2 - 1502*r - 343. Determine j(58).
5
Let l(a) = -a + 55. Determine l(50).
5
Let q(t) = 2*t**3 + t**2 - 3*t + 9. Calculate q(4).
141
Let y(p) = 1025*p + 16. What is y(0)?
16
Let u(w) = 267*w + 79821. Give u(-299).
-12
Let q(w) = w**2 + 128*w - 831. Calculate q(6).
-27
Let y(r) = 2693*r + 8063. Calculate y(-3).
-16
Let p(l) = -5*l**2 + 2524*l + 2522. What is p(-1)?
-7
Let z(y) = y**2 + 16*y + 213. What is z(-18)?
249
Let m(o) = -7*o**3 - 2*o**2 + 4*o - 3. Determine m(1).
-8
Let f(h) = 43*h - 318. Give f(7).
-17
Let b(k) = k**3 - k**2 + 31*k + 73. Calculate b(-8).
-751
Let v(g) = g**3 - 26*g**2 + 63*g - 205. Determine v(24).
155
Let x(k) = 2*k**2 - 388. Determine x(19).
334
Let t(k) = -38*k - 12. Give t(-8).
292
Let x(n) = n**2 - 50*n + 447. Wh